. Let i = o - z. Is i a composite number?
False
Suppose 3*q + 5*f = 9468, 2*f = 4*q - 0*f - 12650. Is q a composite number?
True
Let o be 8/(96/(-20)) + 2/(-6). Suppose -4*b + 8 = 0, 0*b - 6 = 2*k - b. Is (k/o)/((-1)/(-161)) prime?
False
Let j = 14 - -24. Let v = 73 - j. Is v a prime number?
False
Let h(j) = -j**2 - 9*j - 5. Let f be h(-7). Let s = f + -7. Is 11/1 - (s + -1) prime?
False
Let v(u) = 8*u**2 - 10*u - 29. Suppose 7*r + 4*f = 3*r - 36, 4*r + f + 39 = 0. Is v(r) composite?
True
Let s(t) = -8*t - 11. Let f be s(-7). Suppose f*a - 41*a = 2180. Is a a composite number?
True
Suppose 4*s - 9*s = -25, -4*w + 19045 = -3*s. Is w composite?
True
Let o = 15 - 20. Is 4393/92*(-1 - o) composite?
False
Let r be (-10)/(-4)*1964/5. Suppose 3*i + j = i + r, 4*i = -4*j + 1956. Is i a composite number?
True
Let f(t) be the third derivative of 0*t + 0 - 2/15*t**5 + 4*t**2 + 5/12*t**4 - 7/6*t**3 + 1/120*t**6. Is f(7) prime?
False
Let d = -13 + 16. Suppose -12*h + d*h = -5013. Is h a prime number?
True
Let s = 3304 - -1843. Is s composite?
False
Suppose 6 = 3*y, -3*l - 12*y + 9*y + 39303 = 0. Is l composite?
False
Let h be (159/(-18) - (-2)/(-12)) + 0. Is (-7548)/h + 1/3 + 0 prime?
True
Let x(z) = 2*z - 5. Let t be x(9). Let d(u) = 2*u**2 + 4*u + 29. Is d(t) prime?
True
Let o(t) = -18233*t - 156. Is o(-5) a prime number?
True
Let a(z) = -z**3 - 7*z**2 - 8*z - 8. Let i be a(-5). Let b = i - -49. Is b composite?
False
Let p(r) be the first derivative of -r**7/840 + r**6/24 + 3*r**5/40 - r**4/24 - 3*r**3 + 9. Let a(l) be the third derivative of p(l). Is a(15) a prime number?
False
Let v(w) = -311*w + 418. Is v(-35) composite?
True
Let z be (8/6)/(2/6). Suppose b - z*b - 21 = 0. Let y(r) = -r**3 + 9*r + 7. Is y(b) prime?
False
Let x = 933 - 275. Is (-6)/4*x/(-3) composite?
True
Is (-9 - -11)*173319/6 composite?
False
Let a(b) = -12*b**2 - 4. Let z(m) = -11*m**2 - 8. Let h(r) = -11*r**2 - 9. Let y(q) = -5*h(q) + 6*z(q). Let i(s) = 2*a(s) - 3*y(s). Is i(-2) a prime number?
True
Let s(c) = 98*c + 10. Let m be s(19). Let g = m - 877. Is g a composite number?
True
Suppose 0 = 5*q + 2*r - 14729, -q - 2*r + 2950 = -3*r. Is q composite?
True
Suppose -3*r - 4*r = -7. Is (-438)/((8/r)/(-4)) a prime number?
False
Let t = -14 - -16. Let k(b) = -b**3 + 4*b**2 - 2*b - 1. Let g be k(t). Suppose 3*s + g*r = 123, 5*r = 4*s + 38 - 166. Is s prime?
True
Let l = 3222 + 1415. Is l composite?
False
Let g = -5397 + 9738. Is g a composite number?
True
Suppose -3 - 5 = -2*h. Suppose -h*q = -5*q + 409. Is q prime?
True
Let m(d) = -d**3 + 7*d**2 + d - 3. Let j be m(3). Let t = 1 - j. Is t/(-15) - 4/(-6) prime?
True
Let g = -9 - -9. Suppose -u = -g*u. Suppose -5*j + 317 = -k - 426, 3*j + k - 449 = u. Is j a composite number?
False
Suppose -2*d = 2*g + 1178, 3*d - 1782 = 3*g + 3. Let v = g + 1071. Is v a prime number?
True
Suppose 0 = -r - 3*r + 8. Let l be 1 + ((-6)/r)/3. Suppose -406 = -l*c - 2*c. Is c a composite number?
True
Let w(u) = 71*u**3 - 5*u**2 + 25*u + 2. Is w(3) a prime number?
True
Let d = 4780 + -2487. Is d a prime number?
True
Let c(z) = -33*z**3 - z**2 - 2*z - 5. Let u(n) = -n**2 + 5*n - 2. Let t be u(2). Suppose -m = m + t. Is c(m) prime?
False
Suppose 3*y - 4 = 23. Let t be (-366)/y*1650/4. Is t/(-45) - (-4)/18 a composite number?
False
Suppose 5*n = 20, -3*f + 32*n + 20341 = 33*n. Is f a composite number?
False
Is 9*2513 + (1 - 5) a prime number?
True
Let d(o) = 3*o**2 - o - 15. Let l be d(7). Let n = -248 - l. Let w = n + 624. Is w a composite number?
False
Let x = 447 + -118. Is x a composite number?
True
Let k be (-2)/(0 - (-3)/(-6)). Suppose -k*p + 230 = 2*n - p, 0 = -3*p. Suppose 4*u = 457 + n. Is u composite?
True
Let m(u) = -11*u + 6. Let v be m(-2). Suppose 0 = 3*a - v - 725. Is a prime?
True
Suppose 0 - 2 = 2*y. Let j be 1/(-2)*2 + y. Is (1 + -1175)/(-4 - j) a prime number?
True
Suppose -s - 3 = -2*s. Suppose -s*h = 2*t - 3 - 1, 6 = 3*t + 2*h. Is t/(-4) - 357/(-14) a composite number?
True
Let p(t) = -t**3 + 4*t**2 - 3*t + 1. Let o be p(2). Suppose i - 13 = 3*n, -i + o = -2*n + n. Is (n/2 - -2)*-62 a composite number?
False
Suppose 4*l + 0*a = -4*a + 4, -3*a = -6. Let t(k) = -596*k**3 - 2*k**2 - k. Let j be t(l). Suppose -4*s - j = -9*s. Is s prime?
False
Suppose 2*s - 4 = s. Let h(z) = 0*z**2 + 0*z + z - 8 - 6*z + s*z**2. Is h(-7) a composite number?
False
Suppose -20*i + 90143 = 13563. Is i a composite number?
True
Let y = 46 + -44. Suppose -2*s + 10377 = 3*s - 2*q, -y*s - q = -4158. Is s a composite number?
True
Suppose 0 = -7*q + 22*q - 78915. Is q composite?
False
Let m(x) = 2021*x**2 + 9*x + 1. Is m(-2) prime?
False
Is 39058*(-7 + (-165)/(-22)) a composite number?
True
Let d = 17 - 15. Let n be -2*(-2 + 0) - -1. Suppose -3*z = i - 139, -4*i + d*z + 556 = n*z. Is i a composite number?
False
Let y = -2920 + 4893. Is y a composite number?
False
Is 392115*-11*11/(-363) prime?
False
Suppose 0 = 9*v - 46*v + 8695. Is v a composite number?
True
Suppose 2873 = 2*x + 407. Let n = -1425 - -659. Let q = x + n. Is q a prime number?
True
Let r be (-77)/(-15) + 4/(-30). Suppose 1480 = -m + 6*m - 2*x, 0 = -r*x. Suppose 4*h - f = -0*f + 230, 5*h + 3*f - m = 0. Is h prime?
False
Let p = 67 - -15. Suppose -w - 74 = -0*q + 2*q, 172 = -5*q + 4*w. Let f = p + q. Is f composite?
True
Let a = -1210 + 2051. Is a a prime number?
False
Let y(j) = 3*j**2 + 11*j - 7. Let m(w) = -3*w**2 - 2. Let v be m(-2). Is y(v) composite?
True
Suppose 2*g + 5*g + 21 = 0. Let c be (38*9)/(g + 2). Let n = c - -589. Is n composite?
True
Let c = -7234 + 16325. Is c a prime number?
True
Suppose 10*w - 73256 = 2*w. Is w a prime number?
True
Let y be (-110)/(-66)*(-12)/(-10). Suppose 6*z - y*z = -3*n + 860, n - 430 = -2*z. Is z composite?
True
Is (-1174)/(-6)*(4 + 4 + -5) prime?
True
Let v = 7 - 9. Let r be v/3 - 66/(-18). Is 193 + (1 - (r - 0)) prime?
True
Let l(u) = 308*u**2 + 75*u - 16. Is l(7) a composite number?
False
Let n be 4/(-12)*-3 - -44. Suppose -1009 = -n*b + 44*b. Is b a composite number?
False
Is (36430/(-20))/((-1)/(0 + 2)) a prime number?
True
Let o(d) = 3*d**2 + 6*d + 10. Suppose -6*i - 4*i = 70. Is o(i) composite?
True
Suppose 4*b = 2*x - 8, b - 4*x + 0 = -2. Let y be (4/b)/(2/(-17)). Suppose -855 + y = -2*p. Is p prime?
True
Let x(s) = -7*s + 1. Let p be x(-1). Suppose 14 = 5*n + 3*f, 0*f - 4*f + p = -4*n. Is n/9*3*498 prime?
False
Suppose -354 = -2*d + 3*y, -3*y + 0*y = 4*d - 744. Suppose 17*t - d = 16*t. Is t a composite number?
True
Let d(a) be the second derivative of -31*a**3/2 - 37*a**2/2 + 32*a. Is d(-12) a prime number?
False
Is 6/(-3) - (-8887 - (-12)/(-6)) composite?
False
Let b = 45 + -41. Suppose 2*c + 119 = -b*q + 7*q, c + 152 = 4*q. Is q composite?
False
Is -7 - 2 - (-26317 + -1) prime?
True
Suppose -70*w = -63*w - 126. Is (3/(w/(-4)))/(6/(-2421)) prime?
True
Let a(q) = -q**3 + q**2 + q + 51. Suppose -x - 6*x = 0. Let f be a(x). Suppose -5*i + f = -24. Is i a prime number?
False
Suppose j + 60 = -j. Is (105/j)/(2/(-7628)) a composite number?
True
Let w = 1832 - 775. Is w a composite number?
True
Suppose 799*m - 807*m = -8552. Is m a prime number?
True
Let w(k) = -k**2 + 8*k + 9. Let a be w(9). Suppose s - 2*f + 6*f = 23, 4*s + 4*f - 32 = a. Is s/(-2) + (-2283)/(-6) a prime number?
True
Let s = 118 + -116. Suppose -7*m = -2*m - s*q - 7039, 2*q - 1415 = -m. Is m a prime number?
True
Suppose 0 = -5*j + 9*j + 48. Is (-1009)/2*(j/6 - 0) prime?
True
Let f(z) = -413*z**2 + 3*z + 1. Let r be f(1). Let n = r + 1086. Is n a prime number?
True
Let k = 2429 + -952. Is k prime?
False
Let d(o) = -o**3 - 10*o**2 - 10*o - 7. Let s be d(-9). Is (3/s)/(39/3614) a composite number?
False
Let x = 1532 - -625. Is x composite?
True
Let b = 36017 + -21238. Is b a prime number?
True
Let x be 4/2*(1 + 1). Suppose -3*m + 751 = -0*p + p, -x*m - 5*p = -994. Is m a prime number?
True
Let y(i) = i**2 - 7. Let r be y(5). Suppose r = 2*q - 2*p, 5*q - 15 = 4*p + 25. Suppose 104 = q*s - 4*u, s + 2*s = -4*u + 71. Is s prime?
False
Let f(h) = -9*h + 1 - 16 + 7 + 16*h**2. Is f(-7) a composite number?
False
Suppose 5 = -l, 11903 = 2*n - 6*l + 9*l. Is n prime?
False
Is (35/10 - 4)/((-10)/50620) a prime number?
True
Let y(l) = 6*l - 10*l - 12*l**2 + 3 + 11 + l**3. Let t be y(12). Let c = t + 341. Is